= -2*a + 8. Let g(c) = -3*c + 7. Let u = -9 + 13. Let n(k) = u*l(k) - 3*g(k). What is the tens digit of n(9)?
2
Let b(w) = 2*w**2 - 34*w + 26. What is the hundreds digit of b(24)?
3
Let s = -116 + 261. What is the units digit of s?
5
Let l = 46 - 50. What is the units digit of l - -3 - (-113 - 0)?
2
Suppose -9*k + 14*k = -1010. Let b = -98 - k. What is the units digit of b?
4
Let a be ((-2303)/14)/((-1)/2). Let j = a - 155. What is the units digit of j?
4
Let p(x) = -34*x + 167. What is the units digit of p(-8)?
9
Let d(g) = -103*g + 374. What is the units digit of d(-3)?
3
Suppose 0 = -9*m + 7*m + 8, 139 = s - 3*m. Suppose -3*o - s - 186 = -5*z, 5*o + 85 = z. What is the units digit of z?
5
What is the units digit of ((-6)/(-3) - 1) + 2278?
9
Let z = 1750 + -895. What is the hundreds digit of z?
8
What is the tens digit of (37540/30 + (-6)/(-9))/2?
2
What is the hundreds digit of 0 + -4 + (-9 - (-420 - -5))?
4
Let r(v) = 2*v**2 - 6*v + 13. Let o(y) = y**2 - 3*y + 7. Let s(h) = -5*o(h) + 3*r(h). What is the units digit of s(3)?
4
Suppose 0 = -3*l - 6, 2*l + 195 + 88 = 3*h. What is the units digit of h?
3
What is the hundreds digit of 0/3 - 1768/(-4)?
4
Let q be (1 - 0/4) + -87. Let i = -34 - q. What is the tens digit of i?
5
Suppose -y - 131 = -397. Suppose 5*n = 5*a + y - 66, 5*a = 4*n - 155. What is the tens digit of n?
4
Let m be 6 - (1 + 2 - 0). Suppose -k = m*s - 107, 0*s + k + 173 = 5*s. What is the tens digit of s?
3
Let i(k) = 4*k + 17. Let j be i(6). Suppose 43*r - j*r - 272 = 0. What is the hundreds digit of r?
1
Let n(i) = -i**2 - 9*i + 8. Suppose 19 = -7*o - 30. What is the tens digit of n(o)?
2
Let o be (-3 + 4)*3 - 2. Suppose 47 = h + a, a - o + 3 = 0. What is the units digit of h?
9
Let m(a) = 3*a**2 + 28*a + 3. What is the tens digit of m(-22)?
3
Let z(l) = l + 6. Let f be (4/8)/(1/8). Let h = f - 1. What is the units digit of z(h)?
9
Let t = 17 + -16. What is the units digit of -1*t + (-150)/(-10)?
4
Let d = -36 - -71. Let n(m) = m**2 - 4*m - 15. Let k be n(7). What is the units digit of 4/(-8)*k + d?
2
Let k(a) = 19*a + 208. What is the tens digit of k(4)?
8
What is the units digit of 881 + 2 + 0 - (-28 + 25)?
6
Suppose 413 = 4*x - 223. Suppose x = a - u, 0 = -11*a + 16*a + 3*u - 819. What is the hundreds digit of a?
1
Let y(a) = -40*a + 2. Suppose 3*r + 23 = 5*f, 5*r - 2*f = -3*f - 1. What is the tens digit of y(r)?
4
Let v = -97 + 280. What is the hundreds digit of v?
1
Let d = 1106 - 1022. Let n be 18 + -1*2 - 2. Suppose -2*b = n - d. What is the units digit of b?
5
Let s(r) = -r**2 - 73*r - 55. What is the tens digit of s(-26)?
6
Suppose 10*j - 5*j = 290. Suppose 52 = -q + 2*q + i, 0 = -q + 5*i + j. What is the units digit of q?
3
Let y(x) = 12*x**2 - 23*x - 116. What is the hundreds digit of y(-5)?
2
Suppose -124 = 4*f - 308. Let a = f + -15. What is the tens digit of a?
3
Let z(w) = 41*w + 11. What is the hundreds digit of z(8)?
3
Let k(z) = 73*z**2 + 43*z - 10. What is the hundreds digit of k(9)?
2
What is the units digit of 2 + 8322/18 - (-4)/6?
5
Let v(r) = 11*r**2 - 8*r - 202. What is the units digit of v(-15)?
3
Let g(i) = -i**3 + 2*i**2 - 3*i - 3. Let z be g(3). Let l = z + 55. What is the tens digit of l?
3
Suppose 3*d = -z + 9, -7*z - 2*d + 6 = -2*z. Suppose 4*r = -h + 166, z = 9*h - 5*h - 4*r - 604. What is the hundreds digit of h?
1
Let v = 1245 - 637. What is the units digit of v?
8
Let z(f) = f + 6. Let h be z(-6). Suppose -2*r + 223 + 381 = h. What is the tens digit of r/12 + (-4)/24?
2
Suppose -x + 11 = -2*w, -x + 0*w - 2*w = 1. Suppose 4*n - 250 = n - 4*t, -5*t - 405 = -x*n. What is the tens digit of n?
8
What is the units digit of 130/25*-14*-15?
2
Suppose -f + 597 = 4*q, -4*f + 0*f = 2*q - 288. Let g = 228 - q. What is the tens digit of g?
7
Let x be 5 + -1 + -3 - -7. Let p(q) be the first derivative of q**3/3 - 5*q**2/2 - 1. What is the tens digit of p(x)?
2
Suppose 6*r = -6*r + 24036. What is the units digit of r?
3
Let h(p) = -641*p - 209. What is the thousands digit of h(-4)?
2
Let a = 3343 + -1770. What is the tens digit of a?
7
Let b(n) = 4*n**2 + 3. Let w(g) = g**3 + 7*g**2 - 8*g - 4. Let d be w(-8). What is the tens digit of b(d)?
6
Let a = 554 + -208. What is the units digit of a?
6
Suppose 0*h = h - 281. Suppose -y - j = -4*j - 153, 2*y - j = h. What is the tens digit of (3/9)/(1/y)?
4
What is the hundreds digit of (54/30)/((-14)/(-3290))?
4
Let y be (6 - 4)/((-4)/630*-1). Let i = y - 184. What is the tens digit of i?
3
Let v(w) = w + 137. What is the tens digit of v(25)?
6
Suppose -7*o + 490 = q - 4*o, -4*q + 1875 = -5*o. What is the hundreds digit of q?
4
Let y = 64 - 58. Suppose y*r + 257 = 863. What is the hundreds digit of r?
1
Suppose -s - 494 = -108. What is the tens digit of 2/24*-4 + s/(-6)?
6
Suppose -4*z - 2*q + 660 = -2886, -4*z = -3*q - 3561. What is the hundreds digit of z?
8
Let g be (9/(-4))/(42/(-16) + 3). What is the tens digit of (207/6)/((-3)/g)?
6
Suppose -5*s - 4*t = -3*t + 21, -5*t - 21 = 4*s. What is the tens digit of 2/s*(-1098)/9?
6
Suppose 0 = -2*m + 970 - 184. What is the hundreds digit of m?
3
Let a(t) = t**3 + 10*t**2 + 9*t + 14. Let c be a(-9). Let s = 71 + c. What is the units digit of s?
5
Let n = -581 + 1192. What is the hundreds digit of n?
6
Suppose -290725 = -82*p + 175117. What is the thousands digit of p?
5
Let h be -2*2*(-3)/(-4). Let m be (-690)/8 + h/(-12). What is the tens digit of (10/20)/((-1)/m)?
4
Let l(r) = 21*r - 7. Let c be 4*(3/6 - 0). What is the units digit of l(c)?
5
Let i = -5491 - -8748. What is the tens digit of i?
5
Let h = -68 + 321. What is the units digit of h?
3
What is the thousands digit of 2116/(-5 - (7 - 6) - -8)?
1
Let x(l) = -2*l**2 + 3*l - 1. Let v be x(2). Let z be v + (-1 - (-7 - 2)). Suppose 2*y + 2*k = 60, z*y - 129 = 2*k - 0*k. What is the units digit of y?
7
Let l(d) = -d**2 - 2*d + 1. Let i be l(-3). Let y be ((-2)/4)/(i/4). What is the units digit of (-1)/y + (-144)/(-8)?
7
Let b = -919 + 2705. What is the tens digit of b?
8
Let h = 28 + -14. What is the units digit of 7/(h/6) + 6?
9
What is the units digit of 28/(-70) - 34068/(-20)?
3
Suppose -2*n - h - 2*h - 17 = 0, 4*n = -3*h - 19. Suppose -5*y = 2*j + j - 1, -2*y + 13 = 3*j. Let l = n + j. What is the units digit of l?
6
Let z(o) = -5*o**2 + o - 1. Let r be z(1). Let h = r - -9. Suppose -4*k = -5*n + 178, 5*n - h*k = n + 144. What is the tens digit of n?
3
Suppose x + 0*x = 5*z - 26, 5*z - 4*x = 29. Suppose 0 = -z*g - t + 76, -2*g + 0*g + 3*t = -44. What is the tens digit of g?
1
Let q = -338 + 97. Let h = q + 504. What is the hundreds digit of h?
2
Let x(y) = -y**3 - 4*y**2 - 3*y + 2. Let i = -13 + 10. Let t be x(i). Suppose 5*n + 2*c - c = 13, -2*n + 2*c = t. What is the units digit of n?
2
Suppose -5*g = 3*q + 16, 0*q = 3*q - 2*g - 19. Suppose -y = 3*h + 34, -15 = h - q*y + 3. Let j = h + 15. What is the units digit of j?
3
Let k(c) = -c**3 - c**2 - 5*c + 9. Suppose 3*x - 2 = -14. What is the tens digit of k(x)?
7
Suppose x - 1129 = -2*z, -3*z + x + 1312 + 369 = 0. What is the units digit of z?
2
Suppose -20196 = -637*f + 626*f. What is the hundreds digit of f?
8
Let z(v) = -219*v - 425. What is the units digit of z(-20)?
5
What is the units digit of 36/(-180) + 2/(20/7282)?
8
Let v(k) = -21*k + 4 - 2 - 6. What is the tens digit of v(-5)?
0
Let h(x) = -5*x + x**3 + 3*x - 11 - 2*x + 7*x**2. What is the units digit of h(-7)?
7
Let a(j) = j + 13. Let z be 10/(-2*2 - -3). Let w = 3 + z. What is the units digit of a(w)?
6
Let g = -1471 - -3023. What is the units digit of g?
2
Suppose 3*z = -2*h + 30, -4*z - 76 + 14 = -3*h. What is the units digit of ((-1)/3)/(h/(-4698))?
7
Let z be -26*(-3 - (-3)/2). Let f(n) = -5*n**2 - 3. Let r be f(-2). Let b = r + z. What is the units digit of b?
6
Let t be (0 - -1)*(5 - -2 - 4). Suppose -74 - 91 = -t*o. What is the tens digit of o?
5
Let p = 11 - 12. Let r(m) = m**2 + m + 1. Let z(w) = -4*w**2 + 5*w + 5. Let o(k) = p*z(k) + 3*r(k). What is the tens digit of o(2)?
2
What is the tens digit of (6/(-1))/((90/(-1629))/5)?
4
Suppose -123 = -3*v - r, -v - r = -21 - 22. Let u be 11/(-2)*8/4. Let c = v + u. What is the units digit of c?
9
Suppose 0 = -4*f + 9*f + 565. Let x = -69 - f. What is the units digit of x?
4
Suppose 8*o = 3